9?
6
What is the thousands digit of 600905?
0
What is the units digit of 14607289?
9
What is the millions digit of 5875337?
5
What is the thousands digit of 315120?
5
What is the hundred thousands digit of 932335?
9
What is the units digit of 48628?
8
What is the ten thousands digit of 1422053?
2
What is the hundred thousands digit of 40638278?
6
What is the ten thousands digit of 678090?
7
What is the units digit of 1223244?
4
What is the hundreds digit of 14836787?
7
What is the millions digit of 8737607?
8
What is the ten thousands digit of 3610776?
1
What is the units digit of 108811?
1
What is the hundreds digit of 1640484?
4
What is the units digit of 681508?
8
What is the hundred thousands digit of 21927270?
9
What is the hundreds digit of 45452?
4
What is the tens digit of 5303091?
9
What is the ten thousands digit of 7464235?
6
What is the ten thousands digit of 5082656?
8
What is the units digit of 41651?
1
What is the units digit of 355927?
7
What is the thousands digit of 2534056?
4
What is the thousands digit of 9000217?
0
What is the millions digit of 1226179?
1
What is the millions digit of 24059735?
4
What is the thousands digit of 7180004?
0
What is the units digit of 25315352?
2
What is the ten thousands digit of 882659?
8
What is the ten thousands digit of 1050745?
5
What is the ten thousands digit of 2350059?
5
What is the tens digit of 191999?
9
What is the thousands digit of 655423?
5
What is the hundreds digit of 719636?
6
What is the ten thousands digit of 206845?
0
What is the thousands digit of 904232?
4
What is the tens digit of 1143442?
4
What is the millions digit of 1154050?
1
What is the hundreds digit of 1417438?
4
What is the thousands digit of 495974?
5
What is the millions digit of 5343637?
5
What is the millions digit of 1960669?
1
What is the ten thousands digit of 508389?
0
What is the thousands digit of 211567?
1
What is the hundreds digit of 564245?
2
What is the hundred thousands digit of 611582?
6
What is the units digit of 1221039?
9
What is the hundred thousands digit of 399579?
3
What is the tens digit of 32390594?
9
What is the hundreds digit of 7249?
2
What is the thousands digit of 13018887?
8
What is the ten thousands digit of 1653138?
5
What is the units digit of 33329?
9
What is the hundreds digit of 16241424?
4
What is the tens digit of 8140940?
4
What is the units digit of 1125955?
5
What is the thousands digit of 4063720?
3
What is the hundreds digit of 17115023?
0
What is the hundreds digit of 3562383?
3
What is the hundreds digit of 4149175?
1
What is the hundred thousands digit of 151854?
1
What is the hundred thousands digit of 1826838?
8
What is the hundreds digit of 76316?
3
What is the hundred thousands digit of 31533266?
5
What is the millions digit of 8616271?
8
What is the ten millions digit of 10530601?
1
What is the hundred thousands digit of 7428449?
4
What is the ten thousands digit of 425585?
2
What is the thousands digit of 54438?
4
What is the hundred thousands digit of 9618268?
6
What is the thousands digit of 3625474?
5
What is the ten thousands digit of 239102?
3
What is the thousands digit of 483043?
3
What is the hundreds digit of 378075?
0
What is the tens digit of 527275?
7
What is the thousands digit of 18996494?
6
What is the tens digit of 754333?
3
What is the ten thousands digit of 17958022?
5
What is the tens digit of 2602094?
9
What is the ten thousands digit of 2055355?
5
What is the ten thousands digit of 27216655?
1
What is the ten thousands digit of 3468979?
6
What is the millions digit of 2148510?
2
What is the hundred thousands digit of 2286923?
2
What is the hundred thousands digit of 12355539?
3
What is the ten thousands digit of 210114?
1
What is the millions digit of 3186949?
3
What is the hundreds digit of 554884?
8
What is the tens digit of 6097840?
4
What is the thousands digit of 549205?
9
What is the millions digit of 1515073?
1
What is the tens digit of 1071779?
7
What is the units digit of 685734?
4
What is the tens digit of 392203?
0
What is the ten thousands digit of 262953?
6
What is the thousands digit of 2602808?
2
What is the hundred thousands digit of 3389385?
3
What is the ten thousands digit of 9324583?
2
What is the hundred thousands digit of 19226993?
2
What is the hundred thousands digit of 876556?
8
What is the hundred thousands digit of 202434?
2
What is the tens digit of 658334?
3
What is the units digit of 388272?
2
What is the units digit of 4381993?
3
What is the hundreds digit of 3525018?
0
What is the units digit of 2204178?
8
What is the millions digit of 18305778?
8
What is the ten thousands digit of 549238?
4
What is the hundred thousands digit of 4950351?
9
What is the units digit of 80952?
2
What is the units digit of 393377?
7
What is the thousands digit of 4079636?
9
What is the tens digit of 21941823?
2
What is the millions digit of 8327358?
8
What is the hundred thousands digit of 398201?
3
What is the units digit of 298751?
1
What is the units digit of 2116091?
1
What is the units digit of 10510999?
9
What is the hundred thousands digit of 1759239?
7
What is the thousands digit of 612561?
2
What is the hundreds digit of 293116?
1
What is the hundreds digit of 698984?
9
What is the thousands digit of 10294447?
4
What is the ten thousands digit of 370917?
7
What is the ten thousands digit of 3257955?
5
What is the hundreds digit of 575013?
0
What is the thousands digit of 187108?
7
What is the thousands digit of 3292065?
2
What is the millions digit of 1605929?
1
What is the hundred thousands digit of 1083055?
0
What is the units digit of 542298?
8
What is the units digit of 773852?
2
What is the hundreds digit of 415234?
2
What is the units digit of 13848478?
8
What is the hundred thousands digit of 168784?
1
What is the hundreds digit of 214828?
8
What is the hundred thousands digit of 482365?
4
What is the thousands digit of 764501?
4
What is the thousands digit of 13685386?
5
What is the tens digit of 3835866?
6
What is the units digit of 426354?
4
What is the millions digit of 5810989?
5
What is the ten thousands digit of 42039?
4
What is the hundred thousands digit of 296522?
2
What is the tens digit of 53215?
1
What is the tens digit of 1774497?
9
What is the hundreds digit of 497006?
0
What is the units digit of 19310046?
6
What is the hundreds digit of 2677280?
2
What is the thousands digit of 2753297?
3
What is the millions digit of 30290335?
0
What is the hundreds digit of 109229?
2
What is the tens digit of 9607312?
1
What is the units digit of 298709?
9
What is the tens digit of 1227616?
1
What is the units digit of 264161?
1
What is the units digit of 1196707?
7
What is the hundred thousands digit of 6080894?
0
What is the ten thousands digit of 61498?
6
What is the hundred thousands digit of 1882700?
8
What is the ten millions digit of 26612818?
2
What is the ten thousands digit of 291053?
9
What is the thousands digit of 16653115?
3
What is the ten thousands digit of 2043860?
4
What is the hundreds digit of 453093?
0
What is the thousands digit of 177188?
7
What is the hundred thousands digit of 7200008?
2
What is the millions digit of 7795582?
7
What is the tens digit of 4688336?
3
What is the hundreds digit of 2851956?
9
What is the units digit of 45893?
3
What is the thousands digit of 4806529?
6
What is the hundreds digit of 7090947?
9
What is the ten thousands digit of 2253526?
5
What is the hundred thousands digit of 600921?
6
What is the units digit of 204920?
0
What is the thousands digit of 1061369?
1
What is the units digit of 160663?
3
What is the units digit of 7?
7
What is the units digit of 2121637?
7
What is the thousands digit of 3235285?
5
What is the ten thousands digit of 125618?
2
What is the hundred thousands digit of 9200269?
2
What is the hundreds digit of 3787302?
3
What is the hundred thousands digit of 3557778?
5
What is the tens digit of 233391?
9
What is the thousands digit of 3447928?
7
What is the ten thousands digit of 1692294?
9
What is the thousands digit of 134890?
4
What is the units digit of 1143800?
0
What is the tens digit of 3769780?
8
What is the ten thousands digit of 2241074?
4
What is the tens digit of 660662?
6
What is the millions digit of 1836049?
1
W